ppose -5*i + 0*i = s. Let b = i - -18. List the prime factors of b.
2, 3
Suppose 2*o - 5446 = 3*l, l = -2*o + o + 2728. What are the prime factors of o?
2, 29, 47
Let l(u) = -u**2 + 3*u + 4. Let z be l(-7). Let i = z + -6. What are the prime factors of (4/(-4))/(2/i)?
2, 3
Suppose -203 = -4*w + 297. What are the prime factors of w?
5
Let i(f) = 41*f**2 - 36*f - 156. What are the prime factors of i(-5)?
1049
List the prime factors of ((2 - 5) + 2)/((-1)/92).
2, 23
Let q = -1761 + 3236. What are the prime factors of q?
5, 59
Let j(g) = g**2 - 10*g + 9. Let a be j(9). Suppose a = w + 3*c + 2, -2*w + 3*c - 4 + 0 = 0. List the prime factors of w + (20 - (-2 - -2)).
2, 3
Let x be 14/(-7)*3/(-2). Let u be (-6)/27 - 670/(-18). Suppose -u = -4*y + x*y. List the prime factors of y.
37
Let r(f) = f**2 + 12*f + 7. Let n be r(-13). Let x be 4/n + 237/15. Let a = x - 0. What are the prime factors of a?
2
Let v(z) = 5*z - 4. Let q be v(-5). Let c = 19 - 28. Let d = c - q. What are the prime factors of d?
2, 5
Suppose 11*w - 6*w - 4*g = -1037, 5*g = -10. Let i = w + 294. List the prime factors of i.
5, 17
Let m(p) = -84*p + 10. Let j(w) = -42*w + 5. Let g(r) = -5*j(r) + 2*m(r). What are the prime factors of g(1)?
37
Let g(h) be the third derivative of -h**4/3 + 3*h**3 + h**2. What are the prime factors of g(-5)?
2, 29
Let i(x) = 2*x + 22. Let m be i(-9). Let q be (-2 + -23)/(2/(-4)). Suppose m*z = -10 + q. List the prime factors of z.
2, 5
Let u = -28 + 29. List the prime factors of u - -1 - -2 - -46.
2, 5
Let z = 10 + -4. Let s(k) = -k**2 - 2*k**2 - k + k**3 - 3*k**2 - z. List the prime factors of s(7).
2, 3
What are the prime factors of 7676856/3159 - 2/13?
2, 3, 5
Let d(a) = -a - 1. Let j(u) = -20*u - 9. Let l(h) = -4*d(h) + j(h). Let f be l(-5). Suppose 3*m + 0*m = -c + 55, 3*m - 3*c - f = 0. List the prime factors of m.
2, 5
Let p = 655 - -2540. What are the prime factors of p?
3, 5, 71
Let t = 60 - 134. Let k = -33 - t. What are the prime factors of k?
41
Let c = 216 - 142. Let f = 125 - c. List the prime factors of f.
3, 17
Let f = 173 - -109. List the prime factors of f.
2, 3, 47
Suppose -4*t + u + 104 = 3*u, 5*t - 124 = -4*u. Let l = t - 24. Suppose l*p + f = 48, -4 = -5*p - f + 56. What are the prime factors of p?
2, 3
Let w(r) = -r**3 + 4*r**2 + 5*r - 11. What are the prime factors of w(-7)?
17, 29
Suppose 4 = -2*q + 3*q. Suppose q = 3*w - 2*w. Suppose g + 48 = w*g. List the prime factors of g.
2
Let t(l) = l**2 - l - 1. Let z(j) = -66*j**2 + 5*j + 6. Let n(i) = -5*t(i) - z(i). Let q be n(1). Let h = q + -30. What are the prime factors of h?
2, 3, 5
Let u(b) = 16*b + 52. What are the prime factors of u(14)?
2, 3, 23
Suppose 3*j - 44 = m + 737, 1309 = 5*j + 2*m. What are the prime factors of j?
3, 29
Let g be 266/(-11) + (-2)/(-11). Let p = 37 + g. What are the prime factors of p?
13
Let p be (-2 + -235)*(-12)/9. Suppose -p = -n - n + 4*s, 784 = 5*n - 4*s. What are the prime factors of n?
2, 3, 13
Suppose -6*i + 20 = -i. Suppose -3*z + r = 50, -5*r + 2*r + 75 = -i*z. Let o = z + 27. What are the prime factors of o?
2, 3
List the prime factors of -7 + 1240 + (-11 - -9).
1231
Let d = 7863 + -4655. List the prime factors of d.
2, 401
Let n(j) = -j + 7. Let s be n(5). Suppose s*w + 69 = 5*w. What are the prime factors of w?
23
Suppose 0 = -136*w + 131*w + 375. What are the prime factors of w?
3, 5
Let j = 1435 + -837. What are the prime factors of j?
2, 13, 23
Let m be 39/9 + 3*(-8)/(-36). Suppose 0 = m*c - 0*c - 165. What are the prime factors of c?
3, 11
Suppose -2*g = 2*g + j - 2224, 0 = 3*g + j - 1667. Suppose -4*s + 43 = -g. List the prime factors of s.
2, 3, 5
Let q(x) = 11*x - 12. Let k be q(5). Let n = k + -10. List the prime factors of n.
3, 11
Suppose 10 = -9*b - 8. What are the prime factors of -3 + 150 + 1 + b + 6?
2, 19
Let l = 2121 - 1308. List the prime factors of l.
3, 271
Let i = -5715 + 8899. What are the prime factors of i?
2, 199
Let z = 575 - 149. What are the prime factors of z?
2, 3, 71
Suppose -n - 2 = 5. Let k be -2 + -2 + 4 + n. What are the prime factors of (0 + k)*(-10)/10?
7
Let t(l) = l**2 - 9*l - 6. Let s be 2 - (0 - (14 + -5)). List the prime factors of t(s).
2
Suppose -7*k + 13755 = -1428. What are the prime factors of k?
3, 241
Suppose i + 2*u = -138, 4*i + 142 + 374 = 4*u. Let n = -16 - i. What are the prime factors of n?
2, 29
Suppose 69*z - 58800 = 13*z. List the prime factors of z.
2, 3, 5, 7
Let u(j) = 2 + 28*j - 26*j + 0. Suppose 4*x = -x + 55. List the prime factors of u(x).
2, 3
Let z = 16477 - 23119. Let i be z/78 + (-2)/(-13). Let t = i + 132. List the prime factors of t.
47
Let j(a) be the second derivative of 13*a**6/360 - a**5/24 + a**4/3 - 9*a. Let u(q) be the third derivative of j(q). What are the prime factors of u(2)?
47
Let q be -3 + 8 + (18 - 0). Let h = 304 - q. What are the prime factors of h?
281
Suppose 4*f = -2*r + 20, 5*r - 16 - 2 = -2*f. Suppose -3*u + 128 = 2*u - p, -p = r*u - 47. List the prime factors of u.
5
Let x = 1 - -2. Suppose -z + 1 = -x*v + 44, z = 4*v - 58. List the prime factors of v.
3, 5
Suppose 11*h = 8*h + 48. Let t = h + 232. What are the prime factors of t?
2, 31
Let p = 4197 + -2751. List the prime factors of p.
2, 3, 241
Let k(l) = l**3 - 9*l**2 - 4*l - 19. What are the prime factors of k(18)?
5, 113
Suppose -205 = u + 4*u. Let s = u + 43. What are the prime factors of s?
2
Suppose -4*p + 121 = -2*p + 5*x, -186 = -3*p - 3*x. Let o = 168 - p. What are the prime factors of o?
3, 5, 7
Suppose 13*s - 21*s + 2448 = 0. List the prime factors of s.
2, 3, 17
Let s(k) = -16*k**3 + 8*k**2 + 7*k + 5. What are the prime factors of s(-3)?
2, 61
Suppose -396 = -6*r - 60. Suppose 3*m - j - 50 = -0*j, -r = -4*m + 4*j. List the prime factors of m.
2, 3
Let z(q) = 6*q**2 - 3*q + 1. Let p be z(1). Suppose 4*g + 0*k - 421 = -k, -p*g = -3*k - 417. What are the prime factors of g?
3, 5, 7
Suppose -8*r = -3*r - 10. Suppose -p - 2 = z, -13 = r*p + 5*z + 3. Let l(k) = 2*k**3 - k**2 - 5*k + 3. What are the prime factors of l(p)?
5
Let j be (1 - -3) + -4 - -5. Let k = j + -4. Let y(l) = 5*l. What are the prime factors of y(k)?
5
Let g(q) = 7*q + 18. Let r(y) = -18*y - 45. Suppose -2 = -5*s + 58. Let n(h) = s*g(h) + 5*r(h). List the prime factors of n(-4).
3, 5
Let i be (134 + 2 - -3) + -4 - 2. What are the prime factors of i - ((-14)/(-3) - 4/6)?
3, 43
Let q(b) = -b**2 - 11*b + 5. Let o be q(-9). Suppose 0 = 2*i - 33 - o. List the prime factors of i.
2, 7
Let u = 168 + -98. Suppose -u = -o + 2. Suppose 0 = 2*f - k - 78, 0*f + 2*f + 2*k - o = 0. List the prime factors of f.
2, 19
Suppose 7*u - 5*j + 968 = 8*u, 0 = u - 5*j - 918. What are the prime factors of u?
23, 41
Suppose 3*a = g + a - 5, -2*a + 10 = 2*g. Let w(z) = -2*z - 2*z**2 + 6 - 6*z - 6*z**2 + 20*z**2 - 10*z**2. What are the prime factors of w(g)?
2
Let o be 6/18 + (-10)/(-6). Suppose -10 - 6 = -o*q. Let k = 78 - q. What are the prime factors of k?
2, 5, 7
Let a = -2 + 9. Suppose 4*s = -41 - a. Let y = 28 + s. What are the prime factors of y?
2
Let i(o) = o**2 + 4*o + 5. Suppose 3*u + 2*u = 145. Suppose 5*g - 2*a + u = 0, -2*g + 3 = -4*a + 5. What are the prime factors of i(g)?
2, 13
List the prime factors of (-1068 - 15)/(3/(-3)).
3, 19
Let d be ((-6)/(-9))/(4/330). Suppose -d*c + 56*c = 7. List the prime factors of c.
7
Let t be ((-10)/(-3))/(8/(-528)). Let w = t + 309. Let z = w + -60. What are the prime factors of z?
29
Let l(v) = v**3 - 6*v**2 - v + 6. Let k be 186/15 - (-10)/(-25). Suppose 2*h - 2 = k. What are the prime factors of l(h)?
2, 3
Suppose 4*a - 3212 = -4*q + 8*q, 0 = 3*a + 3*q - 2415. List the prime factors of a.
2, 3, 67
Suppose -4*k = -5*f - 3775, 12 - 8 = 4*f. What are the prime factors of k?
3, 5, 7
Let y = 2451 + -1217. What are the prime factors of y?
2, 617
Let r(x) = 6*x**3 - 4*x**2 - 3*x - 4. List the prime factors of r(5).
631
Suppose -32*h = -11 + 75. Let c be 5/(75/(-102))*-5. Let s = h + c. What are the prime factors of s?
2
Let y(u) = -4*u + 2*u - 1 - 2 - u. Let n be (3 - 4)/((-1)/(-3)). List the prime factors of y(n).
2, 3
Let w = -41 - -72. Let m = w - 28. What are the prime factors of 59/9*3*m?
59
Suppose 2*d = c - 0*d - 4, c + 6 = -3*d. Suppose -4*r = -c*g + 2*g - 22, -r - 55 = -5*g. List the prime f